{"id":224,"date":"2022-01-17T18:16:28","date_gmt":"2022-01-17T17:16:28","guid":{"rendered":"https:\/\/www.canquim.es\/?page_id=224"},"modified":"2024-11-09T18:14:46","modified_gmt":"2024-11-09T17:14:46","slug":"el-nostre-espai","status":"publish","type":"page","link":"https:\/\/www.canquim.es\/ca\/nuestro-espacio\/","title":{"rendered":"El nostre espai"},"content":{"rendered":"\t\t<div data-elementor-type=\"wp-page\" data-elementor-id=\"224\" class=\"elementor elementor-224\" data-elementor-post-type=\"page\">\n\t\t\t\t\t\t<section class=\"elementor-section elementor-top-section elementor-element elementor-element-1859d23 elementor-section-full_width elementor-section-height-default elementor-section-height-default\" data-id=\"1859d23\" data-element_type=\"section\" data-e-type=\"section\">\n\t\t\t\t\t\t<div class=\"elementor-container elementor-column-gap-default\">\n\t\t\t\t\t<div class=\"elementor-column elementor-col-100 elementor-top-column elementor-element elementor-element-e9b618b\" data-id=\"e9b618b\" data-element_type=\"column\" data-e-type=\"column\">\n\t\t\t<div class=\"elementor-widget-wrap elementor-element-populated\">\n\t\t\t\t\t\t<div class=\"elementor-element elementor-element-31e9050 elementor-widget elementor-widget-heading\" data-id=\"31e9050\" data-element_type=\"widget\" data-e-type=\"widget\" data-widget_type=\"heading.default\">\n\t\t\t\t\t<h2 class=\"elementor-heading-title elementor-size-default\">Desde el coraz\u00f3n de la Costa Brava\u2026 Can Quim<\/h2>\t\t\t\t<\/div>\n\t\t\t\t<div class=\"elementor-element elementor-element-a51ba0b elementor-widget elementor-widget-text-editor\" data-id=\"a51ba0b\" data-element_type=\"widget\" data-e-type=\"widget\" data-widget_type=\"text-editor.default\">\n\t\t\t\t\t\t\t\t\t<p>Disponemos de dos espacios muy diferenciados en el mismo <strong>Passeig del Mar de Sant Feliu de Gu\u00edxols<\/strong>.<\/p><p>Nuestro sal\u00f3n: elegante, aut\u00e9ntico, acogedor\u2026 c\u00e1lido por s\u00ed solo; nuestra terraza: adecuada para que te sientas a gusto, tanto en verano como el resto del a\u00f1o.<\/p><p>Elijas lo que elijas\u2026 en <strong>Can Quim<\/strong> haremos que te sientas como en casa.<\/p>\t\t\t\t\t\t\t\t<\/div>\n\t\t\t\t<div class=\"elementor-element elementor-element-59c3a1d elementor-widget elementor-widget-heading\" data-id=\"59c3a1d\" data-element_type=\"widget\" data-e-type=\"widget\" data-widget_type=\"heading.default\">\n\t\t\t\t\t<h3 class=\"elementor-heading-title elementor-size-default\">\u00a1Y buen provecho!<\/h3>\t\t\t\t<\/div>\n\t\t\t\t<div class=\"elementor-element elementor-element-e610fe8 elementor-widget elementor-widget-gallery\" data-id=\"e610fe8\" data-element_type=\"widget\" data-e-type=\"widget\" data-settings=\"{&quot;columns&quot;:3,&quot;gap&quot;:{&quot;unit&quot;:&quot;px&quot;,&quot;size&quot;:6,&quot;sizes&quot;:[]},&quot;aspect_ratio&quot;:&quot;16:9&quot;,&quot;lazyload&quot;:&quot;yes&quot;,&quot;gallery_layout&quot;:&quot;grid&quot;,&quot;columns_tablet&quot;:2,&quot;columns_mobile&quot;:1,&quot;gap_tablet&quot;:{&quot;unit&quot;:&quot;px&quot;,&quot;size&quot;:10,&quot;sizes&quot;:[]},&quot;gap_mobile&quot;:{&quot;unit&quot;:&quot;px&quot;,&quot;size&quot;:10,&quot;sizes&quot;:[]},&quot;link_to&quot;:&quot;file&quot;,&quot;overlay_background&quot;:&quot;yes&quot;,&quot;content_hover_animation&quot;:&quot;fade-in&quot;}\" data-widget_type=\"gallery.default\">\n\t\t\t\t\t\t\t<div class=\"elementor-gallery__container\">\n\t\t\t\t\t\t\t<a class=\"e-gallery-item elementor-gallery-item elementor-animated-content\" href=\"https:\/\/www.canquim.es\/wp-content\/uploads\/2022\/02\/Formatgeria-Can-Quim-El-nostre-espai-04.jpg\" data-elementor-open-lightbox=\"yes\" data-elementor-lightbox-slideshow=\"e610fe8\" data-elementor-lightbox-title=\"Formatgeria Can Quim - Nuestro espacio\" data-e-action-hash=\"#elementor-action%3Aaction%3Dlightbox%26settings%3DeyJpZCI6MTAyOCwidXJsIjoiaHR0cHM6XC9cL3d3dy5jYW5xdWltLmVzXC93cC1jb250ZW50XC91cGxvYWRzXC8yMDIyXC8wMlwvRm9ybWF0Z2VyaWEtQ2FuLVF1aW0tRWwtbm9zdHJlLWVzcGFpLTA0LmpwZyIsInNsaWRlc2hvdyI6ImU2MTBmZTgifQ%3D%3D\">\n\t\t\t\t\t<div class=\"e-gallery-image elementor-gallery-item__image\" data-thumbnail=\"https:\/\/www.canquim.es\/wp-content\/uploads\/2022\/02\/Formatgeria-Can-Quim-El-nostre-espai-04.jpg\" data-width=\"900\" data-height=\"600\" aria-label=\"Formatgeria Can Quim - Nuestro espacio\" role=\"img\" ><\/div>\n\t\t\t\t\t\t\t\t\t\t\t<div class=\"elementor-gallery-item__overlay\"><\/div>\n\t\t\t\t\t\t\t\t\t\t\t\t\t\t<\/a>\n\t\t\t\t\t\t\t<a class=\"e-gallery-item elementor-gallery-item elementor-animated-content\" href=\"https:\/\/www.canquim.es\/wp-content\/uploads\/2022\/02\/Formatgeria-Can-Quim-El-nostre-espai-01.jpg\" data-elementor-open-lightbox=\"yes\" data-elementor-lightbox-slideshow=\"e610fe8\" data-elementor-lightbox-title=\"Formatgeria Can Quim - Nuestro espacio\" data-e-action-hash=\"#elementor-action%3Aaction%3Dlightbox%26settings%3DeyJpZCI6MTAyNSwidXJsIjoiaHR0cHM6XC9cL3d3dy5jYW5xdWltLmVzXC93cC1jb250ZW50XC91cGxvYWRzXC8yMDIyXC8wMlwvRm9ybWF0Z2VyaWEtQ2FuLVF1aW0tRWwtbm9zdHJlLWVzcGFpLTAxLmpwZyIsInNsaWRlc2hvdyI6ImU2MTBmZTgifQ%3D%3D\">\n\t\t\t\t\t<div class=\"e-gallery-image elementor-gallery-item__image\" data-thumbnail=\"https:\/\/www.canquim.es\/wp-content\/uploads\/2022\/02\/Formatgeria-Can-Quim-El-nostre-espai-01.jpg\" data-width=\"900\" data-height=\"600\" aria-label=\"Formatgeria Can Quim - Nuestro espacio\" role=\"img\" ><\/div>\n\t\t\t\t\t\t\t\t\t\t\t<div class=\"elementor-gallery-item__overlay\"><\/div>\n\t\t\t\t\t\t\t\t\t\t\t\t\t\t<\/a>\n\t\t\t\t\t\t\t<a class=\"e-gallery-item elementor-gallery-item elementor-animated-content\" href=\"https:\/\/www.canquim.es\/wp-content\/uploads\/2022\/02\/Formatgeria-Can-Quim-El-nostre-espai-05.jpg\" data-elementor-open-lightbox=\"yes\" data-elementor-lightbox-slideshow=\"e610fe8\" data-elementor-lightbox-title=\"Formatgeria Can Quim - Nuestro espacio\" data-e-action-hash=\"#elementor-action%3Aaction%3Dlightbox%26settings%3DeyJpZCI6MTAyOSwidXJsIjoiaHR0cHM6XC9cL3d3dy5jYW5xdWltLmVzXC93cC1jb250ZW50XC91cGxvYWRzXC8yMDIyXC8wMlwvRm9ybWF0Z2VyaWEtQ2FuLVF1aW0tRWwtbm9zdHJlLWVzcGFpLTA1LmpwZyIsInNsaWRlc2hvdyI6ImU2MTBmZTgifQ%3D%3D\">\n\t\t\t\t\t<div class=\"e-gallery-image elementor-gallery-item__image\" data-thumbnail=\"https:\/\/www.canquim.es\/wp-content\/uploads\/2022\/02\/Formatgeria-Can-Quim-El-nostre-espai-05.jpg\" data-width=\"900\" data-height=\"600\" aria-label=\"Formatgeria Can Quim - Nuestro espacio\" role=\"img\" ><\/div>\n\t\t\t\t\t\t\t\t\t\t\t<div class=\"elementor-gallery-item__overlay\"><\/div>\n\t\t\t\t\t\t\t\t\t\t\t\t\t\t<\/a>\n\t\t\t\t\t\t\t<a class=\"e-gallery-item elementor-gallery-item elementor-animated-content\" href=\"https:\/\/www.canquim.es\/wp-content\/uploads\/2022\/02\/Formatgeria-Can-Quim-El-nostre-espai-06.jpg\" data-elementor-open-lightbox=\"yes\" data-elementor-lightbox-slideshow=\"e610fe8\" data-elementor-lightbox-title=\"Formatgeria Can Quim - Nuestro espacio\" data-e-action-hash=\"#elementor-action%3Aaction%3Dlightbox%26settings%3DeyJpZCI6MTAzMCwidXJsIjoiaHR0cHM6XC9cL3d3dy5jYW5xdWltLmVzXC93cC1jb250ZW50XC91cGxvYWRzXC8yMDIyXC8wMlwvRm9ybWF0Z2VyaWEtQ2FuLVF1aW0tRWwtbm9zdHJlLWVzcGFpLTA2LmpwZyIsInNsaWRlc2hvdyI6ImU2MTBmZTgifQ%3D%3D\">\n\t\t\t\t\t<div class=\"e-gallery-image elementor-gallery-item__image\" data-thumbnail=\"https:\/\/www.canquim.es\/wp-content\/uploads\/2022\/02\/Formatgeria-Can-Quim-El-nostre-espai-06.jpg\" data-width=\"900\" data-height=\"600\" aria-label=\"Formatgeria Can Quim - Nuestro espacio\" role=\"img\" ><\/div>\n\t\t\t\t\t\t\t\t\t\t\t<div class=\"elementor-gallery-item__overlay\"><\/div>\n\t\t\t\t\t\t\t\t\t\t\t\t\t\t<\/a>\n\t\t\t\t\t\t\t<a class=\"e-gallery-item elementor-gallery-item elementor-animated-content\" href=\"https:\/\/www.canquim.es\/wp-content\/uploads\/2022\/02\/Formatgeria-Can-Quim-El-nostre-espai-03.jpg\" data-elementor-open-lightbox=\"yes\" data-elementor-lightbox-slideshow=\"e610fe8\" data-elementor-lightbox-title=\"[:ca]Formatgeria Can Quim - El nostre espai[:es]Formatgeria Can Quim - Nuestro espacio[:]\" data-e-action-hash=\"#elementor-action%3Aaction%3Dlightbox%26settings%3DeyJpZCI6MTAyNywidXJsIjoiaHR0cHM6XC9cL3d3dy5jYW5xdWltLmVzXC93cC1jb250ZW50XC91cGxvYWRzXC8yMDIyXC8wMlwvRm9ybWF0Z2VyaWEtQ2FuLVF1aW0tRWwtbm9zdHJlLWVzcGFpLTAzLmpwZyIsInNsaWRlc2hvdyI6ImU2MTBmZTgifQ%3D%3D\">\n\t\t\t\t\t<div class=\"e-gallery-image elementor-gallery-item__image\" data-thumbnail=\"https:\/\/www.canquim.es\/wp-content\/uploads\/2022\/02\/Formatgeria-Can-Quim-El-nostre-espai-03.jpg\" data-width=\"900\" data-height=\"600\" aria-label=\"[:ca]Formatgeria Can Quim - El nostre espai[:es]Formatgeria Can Quim - Nuestro espacio[:]\" role=\"img\" ><\/div>\n\t\t\t\t\t\t\t\t\t\t\t<div class=\"elementor-gallery-item__overlay\"><\/div>\n\t\t\t\t\t\t\t\t\t\t\t\t\t\t<\/a>\n\t\t\t\t\t\t\t<a class=\"e-gallery-item elementor-gallery-item elementor-animated-content\" href=\"https:\/\/www.canquim.es\/wp-content\/uploads\/2022\/02\/Formatgeria-Can-Quim-El-nostre-espai-02.jpg\" data-elementor-open-lightbox=\"yes\" data-elementor-lightbox-slideshow=\"e610fe8\" data-elementor-lightbox-title=\"Formatgeria Can Quim - Nuestro espacio\" data-e-action-hash=\"#elementor-action%3Aaction%3Dlightbox%26settings%3DeyJpZCI6MTAyNiwidXJsIjoiaHR0cHM6XC9cL3d3dy5jYW5xdWltLmVzXC93cC1jb250ZW50XC91cGxvYWRzXC8yMDIyXC8wMlwvRm9ybWF0Z2VyaWEtQ2FuLVF1aW0tRWwtbm9zdHJlLWVzcGFpLTAyLmpwZyIsInNsaWRlc2hvdyI6ImU2MTBmZTgifQ%3D%3D\">\n\t\t\t\t\t<div class=\"e-gallery-image elementor-gallery-item__image\" data-thumbnail=\"https:\/\/www.canquim.es\/wp-content\/uploads\/2022\/02\/Formatgeria-Can-Quim-El-nostre-espai-02.jpg\" data-width=\"900\" data-height=\"600\" aria-label=\"Formatgeria Can Quim - Nuestro espacio\" role=\"img\" ><\/div>\n\t\t\t\t\t\t\t\t\t\t\t<div class=\"elementor-gallery-item__overlay\"><\/div>\n\t\t\t\t\t\t\t\t\t\t\t\t\t\t<\/a>\n\t\t\t\t\t<\/div>\n\t\t\t\t\t<\/div>\n\t\t\t\t\t<\/div>\n\t\t<\/div>\n\t\t\t\t\t<\/div>\n\t\t<\/section>\n\t\t\t\t<\/div>\n\t\t","protected":false},"excerpt":{"rendered":"<p>Desde el coraz\u00f3n de la Costa Brava\u2026 Can Quim Disponemos de dos espacios muy diferenciados en el mismo Passeig del Mar de Sant Feliu de Gu\u00edxols. Nuestro sal\u00f3n: elegante, aut\u00e9ntico, acogedor\u2026 c\u00e1lido por s\u00ed solo; nuestra terraza: adecuada para que te sientas a gusto, tanto en verano como el resto del a\u00f1o. Elijas lo que<br \/><a class=\"moretag\" href=\"https:\/\/www.canquim.es\/ca\/nuestro-espacio\/\">+ Read More<\/a><\/p>","protected":false},"author":1,"featured_media":1013,"parent":0,"menu_order":0,"comment_status":"closed","ping_status":"closed","template":"templates\/page-fullwidth_template.php","meta":{"footnotes":""},"class_list":["post-224","page","type-page","status-publish","has-post-thumbnail","hentry"],"_links":{"self":[{"href":"https:\/\/www.canquim.es\/ca\/wp-json\/wp\/v2\/pages\/224","targetHints":{"allow":["GET"]}}],"collection":[{"href":"https:\/\/www.canquim.es\/ca\/wp-json\/wp\/v2\/pages"}],"about":[{"href":"https:\/\/www.canquim.es\/ca\/wp-json\/wp\/v2\/types\/page"}],"author":[{"embeddable":true,"href":"https:\/\/www.canquim.es\/ca\/wp-json\/wp\/v2\/users\/1"}],"replies":[{"embeddable":true,"href":"https:\/\/www.canquim.es\/ca\/wp-json\/wp\/v2\/comments?post=224"}],"version-history":[{"count":0,"href":"https:\/\/www.canquim.es\/ca\/wp-json\/wp\/v2\/pages\/224\/revisions"}],"wp:featuredmedia":[{"embeddable":true,"href":"https:\/\/www.canquim.es\/ca\/wp-json\/wp\/v2\/media\/1013"}],"wp:attachment":[{"href":"https:\/\/www.canquim.es\/ca\/wp-json\/wp\/v2\/media?parent=224"}],"curies":[{"name":"wp","href":"https:\/\/api.w.org\/{rel}","templated":true}]}}

<div data-elementor-type="wp-page" data-elementor-id="224" class="elementor elementor-224" data-elementor-post-type="page">
						<section class="elementor-section elementor-top-section elementor-element elementor-element-1859d23 elementor-section-full_width elementor-section-height-default elementor-section-height-default" data-id="1859d23" data-element_type="section" data-e-type="section">
						<div class="elementor-container elementor-column-gap-default">
					<div class="elementor-column elementor-col-100 elementor-top-column elementor-element elementor-element-e9b618b" data-id="e9b618b" data-element_type="column" data-e-type="column">
			<div class="elementor-widget-wrap elementor-element-populated">
						<div class="elementor-element elementor-element-31e9050 elementor-widget elementor-widget-heading" data-id="31e9050" data-element_type="widget" data-e-type="widget" data-widget_type="heading.default">
					<h2 class="elementor-heading-title elementor-size-default">Desde el corazón de la Costa Brava… Can Quim</h2>				</div>
				<div class="elementor-element elementor-element-a51ba0b elementor-widget elementor-widget-text-editor" data-id="a51ba0b" data-element_type="widget" data-e-type="widget" data-widget_type="text-editor.default">
									<p>Disponemos de dos espacios muy diferenciados en el mismo <strong>Passeig del Mar de Sant Feliu de Guíxols</strong>.</p><p>Nuestro salón: elegante, auténtico, acogedor… cálido por sí solo; nuestra terraza: adecuada para que te sientas a gusto, tanto en verano como el resto del año.</p><p>Elijas lo que elijas… en <strong>Can Quim</strong> haremos que te sientas como en casa.</p>								</div>
				<div class="elementor-element elementor-element-59c3a1d elementor-widget elementor-widget-heading" data-id="59c3a1d" data-element_type="widget" data-e-type="widget" data-widget_type="heading.default">
					<h3 class="elementor-heading-title elementor-size-default">¡Y buen provecho!</h3>				</div>
				<div class="elementor-element elementor-element-e610fe8 elementor-widget elementor-widget-gallery" data-id="e610fe8" data-element_type="widget" data-e-type="widget" data-settings="{&quot;columns&quot;:3,&quot;gap&quot;:{&quot;unit&quot;:&quot;px&quot;,&quot;size&quot;:6,&quot;sizes&quot;:[]},&quot;aspect_ratio&quot;:&quot;16:9&quot;,&quot;lazyload&quot;:&quot;yes&quot;,&quot;gallery_layout&quot;:&quot;grid&quot;,&quot;columns_tablet&quot;:2,&quot;columns_mobile&quot;:1,&quot;gap_tablet&quot;:{&quot;unit&quot;:&quot;px&quot;,&quot;size&quot;:10,&quot;sizes&quot;:[]},&quot;gap_mobile&quot;:{&quot;unit&quot;:&quot;px&quot;,&quot;size&quot;:10,&quot;sizes&quot;:[]},&quot;link_to&quot;:&quot;file&quot;,&quot;overlay_background&quot;:&quot;yes&quot;,&quot;content_hover_animation&quot;:&quot;fade-in&quot;}" data-widget_type="gallery.default">
							<div class="elementor-gallery__container">
							<a class="e-gallery-item elementor-gallery-item elementor-animated-content" href="https://www.canquim.es/wp-content/uploads/2022/02/Formatgeria-Can-Quim-El-nostre-espai-04.jpg" data-elementor-open-lightbox="yes" data-elementor-lightbox-slideshow="e610fe8" data-elementor-lightbox-title="Formatgeria Can Quim - Nuestro espacio" data-e-action-hash="#elementor-action%3Aaction%3Dlightbox%26settings%3DeyJpZCI6MTAyOCwidXJsIjoiaHR0cHM6XC9cL3d3dy5jYW5xdWltLmVzXC93cC1jb250ZW50XC91cGxvYWRzXC8yMDIyXC8wMlwvRm9ybWF0Z2VyaWEtQ2FuLVF1aW0tRWwtbm9zdHJlLWVzcGFpLTA0LmpwZyIsInNsaWRlc2hvdyI6ImU2MTBmZTgifQ%3D%3D">
					<div class="e-gallery-image elementor-gallery-item__image" data-thumbnail="https://www.canquim.es/wp-content/uploads/2022/02/Formatgeria-Can-Quim-El-nostre-espai-04.jpg" data-width="900" data-height="600" aria-label="Formatgeria Can Quim - Nuestro espacio" role="img" ></div>
											<div class="elementor-gallery-item__overlay"></div>
														</a>
							<a class="e-gallery-item elementor-gallery-item elementor-animated-content" href="https://www.canquim.es/wp-content/uploads/2022/02/Formatgeria-Can-Quim-El-nostre-espai-01.jpg" data-elementor-open-lightbox="yes" data-elementor-lightbox-slideshow="e610fe8" data-elementor-lightbox-title="Formatgeria Can Quim - Nuestro espacio" data-e-action-hash="#elementor-action%3Aaction%3Dlightbox%26settings%3DeyJpZCI6MTAyNSwidXJsIjoiaHR0cHM6XC9cL3d3dy5jYW5xdWltLmVzXC93cC1jb250ZW50XC91cGxvYWRzXC8yMDIyXC8wMlwvRm9ybWF0Z2VyaWEtQ2FuLVF1aW0tRWwtbm9zdHJlLWVzcGFpLTAxLmpwZyIsInNsaWRlc2hvdyI6ImU2MTBmZTgifQ%3D%3D">
					<div class="e-gallery-image elementor-gallery-item__image" data-thumbnail="https://www.canquim.es/wp-content/uploads/2022/02/Formatgeria-Can-Quim-El-nostre-espai-01.jpg" data-width="900" data-height="600" aria-label="Formatgeria Can Quim - Nuestro espacio" role="img" ></div>
											<div class="elementor-gallery-item__overlay"></div>
														</a>
							<a class="e-gallery-item elementor-gallery-item elementor-animated-content" href="https://www.canquim.es/wp-content/uploads/2022/02/Formatgeria-Can-Quim-El-nostre-espai-05.jpg" data-elementor-open-lightbox="yes" data-elementor-lightbox-slideshow="e610fe8" data-elementor-lightbox-title="Formatgeria Can Quim - Nuestro espacio" data-e-action-hash="#elementor-action%3Aaction%3Dlightbox%26settings%3DeyJpZCI6MTAyOSwidXJsIjoiaHR0cHM6XC9cL3d3dy5jYW5xdWltLmVzXC93cC1jb250ZW50XC91cGxvYWRzXC8yMDIyXC8wMlwvRm9ybWF0Z2VyaWEtQ2FuLVF1aW0tRWwtbm9zdHJlLWVzcGFpLTA1LmpwZyIsInNsaWRlc2hvdyI6ImU2MTBmZTgifQ%3D%3D">
					<div class="e-gallery-image elementor-gallery-item__image" data-thumbnail="https://www.canquim.es/wp-content/uploads/2022/02/Formatgeria-Can-Quim-El-nostre-espai-05.jpg" data-width="900" data-height="600" aria-label="Formatgeria Can Quim - Nuestro espacio" role="img" ></div>
											<div class="elementor-gallery-item__overlay"></div>
														</a>
							<a class="e-gallery-item elementor-gallery-item elementor-animated-content" href="https://www.canquim.es/wp-content/uploads/2022/02/Formatgeria-Can-Quim-El-nostre-espai-06.jpg" data-elementor-open-lightbox="yes" data-elementor-lightbox-slideshow="e610fe8" data-elementor-lightbox-title="Formatgeria Can Quim - Nuestro espacio" data-e-action-hash="#elementor-action%3Aaction%3Dlightbox%26settings%3DeyJpZCI6MTAzMCwidXJsIjoiaHR0cHM6XC9cL3d3dy5jYW5xdWltLmVzXC93cC1jb250ZW50XC91cGxvYWRzXC8yMDIyXC8wMlwvRm9ybWF0Z2VyaWEtQ2FuLVF1aW0tRWwtbm9zdHJlLWVzcGFpLTA2LmpwZyIsInNsaWRlc2hvdyI6ImU2MTBmZTgifQ%3D%3D">
					<div class="e-gallery-image elementor-gallery-item__image" data-thumbnail="https://www.canquim.es/wp-content/uploads/2022/02/Formatgeria-Can-Quim-El-nostre-espai-06.jpg" data-width="900" data-height="600" aria-label="Formatgeria Can Quim - Nuestro espacio" role="img" ></div>
											<div class="elementor-gallery-item__overlay"></div>
														</a>
							<a class="e-gallery-item elementor-gallery-item elementor-animated-content" href="https://www.canquim.es/wp-content/uploads/2022/02/Formatgeria-Can-Quim-El-nostre-espai-03.jpg" data-elementor-open-lightbox="yes" data-elementor-lightbox-slideshow="e610fe8" data-elementor-lightbox-title="[:ca]Formatgeria Can Quim - El nostre espai[:es]Formatgeria Can Quim - Nuestro espacio[:]" data-e-action-hash="#elementor-action%3Aaction%3Dlightbox%26settings%3DeyJpZCI6MTAyNywidXJsIjoiaHR0cHM6XC9cL3d3dy5jYW5xdWltLmVzXC93cC1jb250ZW50XC91cGxvYWRzXC8yMDIyXC8wMlwvRm9ybWF0Z2VyaWEtQ2FuLVF1aW0tRWwtbm9zdHJlLWVzcGFpLTAzLmpwZyIsInNsaWRlc2hvdyI6ImU2MTBmZTgifQ%3D%3D">
					<div class="e-gallery-image elementor-gallery-item__image" data-thumbnail="https://www.canquim.es/wp-content/uploads/2022/02/Formatgeria-Can-Quim-El-nostre-espai-03.jpg" data-width="900" data-height="600" aria-label="[:ca]Formatgeria Can Quim - El nostre espai[:es]Formatgeria Can Quim - Nuestro espacio[:]" role="img" ></div>
											<div class="elementor-gallery-item__overlay"></div>
														</a>
							<a class="e-gallery-item elementor-gallery-item elementor-animated-content" href="https://www.canquim.es/wp-content/uploads/2022/02/Formatgeria-Can-Quim-El-nostre-espai-02.jpg" data-elementor-open-lightbox="yes" data-elementor-lightbox-slideshow="e610fe8" data-elementor-lightbox-title="Formatgeria Can Quim - Nuestro espacio" data-e-action-hash="#elementor-action%3Aaction%3Dlightbox%26settings%3DeyJpZCI6MTAyNiwidXJsIjoiaHR0cHM6XC9cL3d3dy5jYW5xdWltLmVzXC93cC1jb250ZW50XC91cGxvYWRzXC8yMDIyXC8wMlwvRm9ybWF0Z2VyaWEtQ2FuLVF1aW0tRWwtbm9zdHJlLWVzcGFpLTAyLmpwZyIsInNsaWRlc2hvdyI6ImU2MTBmZTgifQ%3D%3D">
					<div class="e-gallery-image elementor-gallery-item__image" data-thumbnail="https://www.canquim.es/wp-content/uploads/2022/02/Formatgeria-Can-Quim-El-nostre-espai-02.jpg" data-width="900" data-height="600" aria-label="Formatgeria Can Quim - Nuestro espacio" role="img" ></div>
											<div class="elementor-gallery-item__overlay"></div>
														</a>
					</div>
					</div>
					</div>
		</div>
					</div>
		</section>
				</div>

<p>Desde el corazón de la Costa Brava… Can Quim Disponemos de dos espacios muy diferenciados en el mismo Passeig del Mar de Sant Feliu de Guíxols. Nuestro salón: elegante, auténtico, acogedor… cálido por sí solo; nuestra terraza: adecuada para que te sientas a gusto, tanto en verano como el resto del año. Elijas lo que<br /><a class="moretag" href="https://www.canquim.es/ca/nuestro-espacio/">+ Read More</a></p>
