{"id":2259,"date":"2023-04-29T15:29:13","date_gmt":"2023-04-29T13:29:13","guid":{"rendered":"https:\/\/www.canquim.es\/?post_type=product&#038;p=2259"},"modified":"2024-11-11T17:48:13","modified_gmt":"2024-11-11T16:48:13","slug":"carboncino","status":"publish","type":"product","link":"https:\/\/www.canquim.es\/ca\/producto\/carboncino\/","title":{"rendered":"Carbonc\u00ed"},"content":{"rendered":"<p style=\"text-align: justify;\">A Piemont, It\u00e0lia, amb l&#039;antiga tradici\u00f3 de conservar el formatge en cendra, neix el Carbonc\u00ed, formatge elaborat amb llet pasteuritzada de vaca, ovella i cabra, de pasta tendra i untuosa, de fina escor\u00e7a fosca, a causa de les rentades amb carb\u00f3 vegetal durant el proc\u00e9s de maduraci\u00f3. A la boca \u00e9s llet dol\u00e7a, notes vegetals i amarg pel carb\u00f3 de la seva escor\u00e7a. Un top vendes a la nostra botiga f\u00edsica.<\/p>","protected":false},"excerpt":{"rendered":"<p style=\"text-align: justify;\">A Piemont, It\u00e0lia, amb l&#039;antiga tradici\u00f3 de conservar el formatge en cendra, neix el Carbonc\u00ed, formatge elaborat amb llet pasteuritzada de vaca, ovella i cabra, de pasta tendra i untuosa, de fina escor\u00e7a fosca, a causa de les rentades amb carb\u00f3 vegetal durant el proc\u00e9s de maduraci\u00f3. A la boca \u00e9s llet dol\u00e7a, notes vegetals i amarg pel carb\u00f3 de la seva escor\u00e7a. Un top vendes a la nostra botiga f\u00edsica.<\/p>\n<p><strong>Pe\u00e7a 180 \u2013 200 grams.<\/strong><\/p>","protected":false},"featured_media":2419,"comment_status":"open","ping_status":"closed","template":"","meta":[],"product_brand":[],"product_cat":[20],"product_tag":[],"class_list":{"0":"post-2259","1":"product","2":"type-product","3":"status-publish","4":"has-post-thumbnail","6":"product_cat-quesos","7":"pa_animal-cabra","8":"pa_animal-ovella","9":"pa_animal-vaca","10":"pa_comunidad-region-piamonte","11":"pa_cuajo-animal","12":"pa_intensidad-pronunciada","13":"pa_leche-pasteurizada","14":"pa_maridaje-gewurtzraminer","15":"pa_maridaje-prosecco","16":"pa_pais-italia","17":"pa_peso-180g","18":"pa_peso-200g","19":"pa_peso-aprox","20":"pa_tiempo-maduracion-3-4-semanas","21":"pa_tipo-pasta-blando","23":"first","24":"outofstock","25":"taxable","26":"shipping-taxable","27":"product-type-simple"},"_links":{"self":[{"href":"https:\/\/www.canquim.es\/ca\/wp-json\/wp\/v2\/product\/2259","targetHints":{"allow":["GET"]}}],"collection":[{"href":"https:\/\/www.canquim.es\/ca\/wp-json\/wp\/v2\/product"}],"about":[{"href":"https:\/\/www.canquim.es\/ca\/wp-json\/wp\/v2\/types\/product"}],"replies":[{"embeddable":true,"href":"https:\/\/www.canquim.es\/ca\/wp-json\/wp\/v2\/comments?post=2259"}],"version-history":[{"count":0,"href":"https:\/\/www.canquim.es\/ca\/wp-json\/wp\/v2\/product\/2259\/revisions"}],"wp:featuredmedia":[{"embeddable":true,"href":"https:\/\/www.canquim.es\/ca\/wp-json\/wp\/v2\/media\/2419"}],"wp:attachment":[{"href":"https:\/\/www.canquim.es\/ca\/wp-json\/wp\/v2\/media?parent=2259"}],"wp:term":[{"taxonomy":"product_brand","embeddable":true,"href":"https:\/\/www.canquim.es\/ca\/wp-json\/wp\/v2\/product_brand?post=2259"},{"taxonomy":"product_cat","embeddable":true,"href":"https:\/\/www.canquim.es\/ca\/wp-json\/wp\/v2\/product_cat?post=2259"},{"taxonomy":"product_tag","embeddable":true,"href":"https:\/\/www.canquim.es\/ca\/wp-json\/wp\/v2\/product_tag?post=2259"}],"curies":[{"name":"wp","href":"https:\/\/api.w.org\/{rel}","templated":true}]}}

Carboncí

<p style="text-align: justify;">A Piemont, Itàlia, amb l&#039;antiga tradició de conservar el formatge en cendra, neix el Carboncí, formatge elaborat amb llet pasteuritzada de vaca, ovella i cabra, de pasta tendra i untuosa, de fina escorça fosca, a causa de les rentades amb carbó vegetal durant el procés de maduració. A la boca és llet dolça, notes vegetals i amarg pel carbó de la seva escorça. Un top vendes a la nostra botiga física.</p>

<p style="text-align: justify;">A Piemont, Itàlia, amb l&#039;antiga tradició de conservar el formatge en cendra, neix el Carboncí, formatge elaborat amb llet pasteuritzada de vaca, ovella i cabra, de pasta tendra i untuosa, de fina escorça fosca, a causa de les rentades amb carbó vegetal durant el procés de maduració. A la boca és llet dolça, notes vegetals i amarg pel carbó de la seva escorça. Un top vendes a la nostra botiga física.</p>
<p><strong>Peça 180 – 200 grams.</strong></p>
