{"id":3068,"date":"2024-11-11T11:06:15","date_gmt":"2024-11-11T10:06:15","guid":{"rendered":"https:\/\/www.canquim.es\/?post_type=product&#038;p=3068"},"modified":"2024-11-12T17:46:10","modified_gmt":"2024-11-12T16:46:10","slug":"abadia-de-vrejlev-klosterost","status":"publish","type":"product","link":"https:\/\/www.canquim.es\/ca\/producto\/abadia-de-vrejlev-klosterost\/","title":{"rendered":"Abadia de Vrejlev \/ Klosterost"},"content":{"rendered":"<p style=\"text-align: justify;\">Aquest formatge d&#039;abadia, al monestir de Vrejlev, ubicat al nord de Jutl\u00e0ndia, Ingstrup, elaboren aquest formatge i el maduren a les caves subterr\u00e0nies del monestir. Amb m\u00e9s de dos anys i mig de curaci\u00f3, aconsegueixen un formatge dur, de llet de vaca pasteuritzada, pasta compacta, plena de tirosina, el seu sabor \u00e9s pronunciat, per\u00f2 amb notes a caramel. Escor\u00e7a no comestible.<\/p>","protected":false},"excerpt":{"rendered":"<p style=\"text-align: justify;\">Aquest formatge d&#039;abadia, al monestir de Vrejlev, ubicat al nord de Jutl\u00e0ndia, Ingstrup, elaboren aquest formatge i el maduren a les caves subterr\u00e0nies del monestir. Amb m\u00e9s de dos anys i mig de curaci\u00f3, aconsegueixen un formatge dur, de llet de vaca pasteuritzada, pasta compacta, plena de tirosina, el seu sabor \u00e9s pronunciat, per\u00f2 amb notes a caramel. Escor\u00e7a no comestible.<\/p>","protected":false},"featured_media":0,"comment_status":"open","ping_status":"closed","template":"","meta":[],"product_brand":[],"product_cat":[20],"product_tag":[],"class_list":{"0":"post-3068","1":"product","2":"type-product","3":"status-publish","5":"product_cat-quesos","6":"pa_animal-vaca","7":"pa_comunidad-region-jutlandia-central","8":"pa_cuajo-animal","9":"pa_intensidad-pronunciada","10":"pa_leche-pasteurizada","11":"pa_maridaje-pinot-noir","12":"pa_maridaje-vino-blanco-con-barrica","13":"pa_pais-dinamarca","14":"pa_peso-1kg","15":"pa_peso-250g","16":"pa_peso-500g","17":"pa_tiempo-maduracion-minimo-30-meses","18":"pa_tipo-pasta-duro","19":"wcpa_has_options","21":"first","22":"outofstock","23":"taxable","24":"shipping-taxable","25":"purchasable","26":"product-type-variable"},"_links":{"self":[{"href":"https:\/\/www.canquim.es\/ca\/wp-json\/wp\/v2\/product\/3068","targetHints":{"allow":["GET"]}}],"collection":[{"href":"https:\/\/www.canquim.es\/ca\/wp-json\/wp\/v2\/product"}],"about":[{"href":"https:\/\/www.canquim.es\/ca\/wp-json\/wp\/v2\/types\/product"}],"replies":[{"embeddable":true,"href":"https:\/\/www.canquim.es\/ca\/wp-json\/wp\/v2\/comments?post=3068"}],"version-history":[{"count":0,"href":"https:\/\/www.canquim.es\/ca\/wp-json\/wp\/v2\/product\/3068\/revisions"}],"wp:attachment":[{"href":"https:\/\/www.canquim.es\/ca\/wp-json\/wp\/v2\/media?parent=3068"}],"wp:term":[{"taxonomy":"product_brand","embeddable":true,"href":"https:\/\/www.canquim.es\/ca\/wp-json\/wp\/v2\/product_brand?post=3068"},{"taxonomy":"product_cat","embeddable":true,"href":"https:\/\/www.canquim.es\/ca\/wp-json\/wp\/v2\/product_cat?post=3068"},{"taxonomy":"product_tag","embeddable":true,"href":"https:\/\/www.canquim.es\/ca\/wp-json\/wp\/v2\/product_tag?post=3068"}],"curies":[{"name":"wp","href":"https:\/\/api.w.org\/{rel}","templated":true}]}}

<p style="text-align: justify;">Aquest formatge d&#039;abadia, al monestir de Vrejlev, ubicat al nord de Jutlàndia, Ingstrup, elaboren aquest formatge i el maduren a les caves subterrànies del monestir. Amb més de dos anys i mig de curació, aconsegueixen un formatge dur, de llet de vaca pasteuritzada, pasta compacta, plena de tirosina, el seu sabor és pronunciat, però amb notes a caramel. Escorça no comestible.</p>
