{"id":3442,"date":"2024-11-12T12:49:35","date_gmt":"2024-11-12T11:49:35","guid":{"rendered":"https:\/\/www.canquim.es\/?post_type=product&#038;p=3442"},"modified":"2024-11-12T17:13:26","modified_gmt":"2024-11-12T16:13:26","slug":"valdeon-igp","status":"publish","type":"product","link":"https:\/\/www.canquim.es\/ca\/producto\/valdeon-igp\/","title":{"rendered":"Valde\u00f3 IGP"},"content":{"rendered":"<p style=\"text-align: justify;\">Al cor dels Pics d&#039;Europa, a la Vall de Valde\u00f3n \u00e9s elaborat artesanalment amb llet de vaca i cabra pasteuritzada el formatge Valde\u00f3n. De sabor fort, salat i picant de la peculiaritat dels formatges blaus, amb olor de floridura coberta de fulles d&#039;aur\u00f3 que influeixen en sabor i aroma.<\/p>\n<p>&nbsp;<\/p>\n<p>&nbsp;<\/p>","protected":false},"excerpt":{"rendered":"<p style=\"text-align: justify;\">Al cor dels Pics d&#039;Europa, a la Vall de Valde\u00f3n \u00e9s elaborat amb llet de vaca i cabra pasteuritzada el formatge Valde\u00f3n. De sabor fort, salat i picant de la peculiaritat dels formatges blaus, amb olor de floridura coberta de fulles d&#039;aur\u00f3 que influeixen en sabor i aroma.<\/p>\n<p>&nbsp;<\/p>","protected":false},"featured_media":0,"comment_status":"open","ping_status":"closed","template":"","meta":[],"product_brand":[],"product_cat":[20],"product_tag":[],"class_list":{"0":"post-3442","1":"product","2":"type-product","3":"status-publish","5":"product_cat-quesos","6":"pa_animal-cabra","7":"pa_animal-vaca","8":"pa_comunidad-region-castilla-y-leon","9":"pa_cuajo-animal","10":"pa_intensidad-fort","11":"pa_leche-pasteurizada","12":"pa_maridaje-oporto","13":"pa_maridaje-pedro-ximenez","14":"pa_maridaje-vi-de-postres","15":"pa_pais-espana","16":"pa_peso-1kg","17":"pa_peso-250g","18":"pa_peso-500g","19":"pa_tiempo-maduracion-60-dias-minimo","20":"pa_tipo-pasta-semiduro","21":"wcpa_has_options","23":"first","24":"outofstock","25":"taxable","26":"shipping-taxable","27":"purchasable","28":"product-type-variable"},"_links":{"self":[{"href":"https:\/\/www.canquim.es\/ca\/wp-json\/wp\/v2\/product\/3442","targetHints":{"allow":["GET"]}}],"collection":[{"href":"https:\/\/www.canquim.es\/ca\/wp-json\/wp\/v2\/product"}],"about":[{"href":"https:\/\/www.canquim.es\/ca\/wp-json\/wp\/v2\/types\/product"}],"replies":[{"embeddable":true,"href":"https:\/\/www.canquim.es\/ca\/wp-json\/wp\/v2\/comments?post=3442"}],"version-history":[{"count":0,"href":"https:\/\/www.canquim.es\/ca\/wp-json\/wp\/v2\/product\/3442\/revisions"}],"wp:attachment":[{"href":"https:\/\/www.canquim.es\/ca\/wp-json\/wp\/v2\/media?parent=3442"}],"wp:term":[{"taxonomy":"product_brand","embeddable":true,"href":"https:\/\/www.canquim.es\/ca\/wp-json\/wp\/v2\/product_brand?post=3442"},{"taxonomy":"product_cat","embeddable":true,"href":"https:\/\/www.canquim.es\/ca\/wp-json\/wp\/v2\/product_cat?post=3442"},{"taxonomy":"product_tag","embeddable":true,"href":"https:\/\/www.canquim.es\/ca\/wp-json\/wp\/v2\/product_tag?post=3442"}],"curies":[{"name":"wp","href":"https:\/\/api.w.org\/{rel}","templated":true}]}}

Valdeó IGP

<p style="text-align: justify;">Al cor dels Pics d&#039;Europa, a la Vall de Valdeón és elaborat artesanalment amb llet de vaca i cabra pasteuritzada el formatge Valdeón. De sabor fort, salat i picant de la peculiaritat dels formatges blaus, amb olor de floridura coberta de fulles d&#039;auró que influeixen en sabor i aroma.</p>
<p>&nbsp;</p>
<p>&nbsp;</p>

<p style="text-align: justify;">Al cor dels Pics d&#039;Europa, a la Vall de Valdeón és elaborat amb llet de vaca i cabra pasteuritzada el formatge Valdeón. De sabor fort, salat i picant de la peculiaritat dels formatges blaus, amb olor de floridura coberta de fulles d&#039;auró que influeixen en sabor i aroma.</p>
<p>&nbsp;</p>
